{"id":19,"date":"2025-02-05T16:48:23","date_gmt":"2025-02-05T15:48:23","guid":{"rendered":"https:\/\/ref-apa-montguyon.fr\/?page_id=19"},"modified":"2025-02-05T16:48:23","modified_gmt":"2025-02-05T15:48:23","slug":"salle-de-remise-en-forme-et-dactivites-physiques-adaptees","status":"publish","type":"page","link":"https:\/\/ref-apa-montguyon.fr\/","title":{"rendered":"Salle de Remise en Forme et d&rsquo;Activit\u00e9s Physiques Adapt\u00e9es"},"content":{"rendered":"\n<p>La salle de remise en forme et d&rsquo;activit\u00e9s physiques adapt\u00e9es situ\u00e9e au 10 place de la mairie \u00e0 Montguyon vous accueille du lundi au vendredi de 9h \u00e0 19h.<\/p>\n\n\n\n<p>Mon r\u00f4le en tant que coach dipl\u00f4m\u00e9 sera de vous accompagner dans vos objectifs de remise en forme&#8230;<\/p>\n","protected":false},"excerpt":{"rendered":"<p>La salle de remise en forme et d&rsquo;activit\u00e9s physiques adapt\u00e9es situ\u00e9e au 10 place de la mairie \u00e0 Montguyon vous accueille du lundi au vendredi de 9h \u00e0 19h. Mon r\u00f4le en tant que coach dipl\u00f4m\u00e9 sera de vous accompagner dans vos objectifs de remise en forme&#8230;<\/p>\n","protected":false},"author":1,"featured_media":0,"parent":0,"menu_order":0,"comment_status":"closed","ping_status":"closed","template":"","meta":{"footnotes":""},"class_list":["post-19","page","type-page","status-publish","hentry"],"_links":{"self":[{"href":"https:\/\/ref-apa-montguyon.fr\/index.php\/wp-json\/wp\/v2\/pages\/19","targetHints":{"allow":["GET"]}}],"collection":[{"href":"https:\/\/ref-apa-montguyon.fr\/index.php\/wp-json\/wp\/v2\/pages"}],"about":[{"href":"https:\/\/ref-apa-montguyon.fr\/index.php\/wp-json\/wp\/v2\/types\/page"}],"author":[{"embeddable":true,"href":"https:\/\/ref-apa-montguyon.fr\/index.php\/wp-json\/wp\/v2\/users\/1"}],"replies":[{"embeddable":true,"href":"https:\/\/ref-apa-montguyon.fr\/index.php\/wp-json\/wp\/v2\/comments?post=19"}],"version-history":[{"count":1,"href":"https:\/\/ref-apa-montguyon.fr\/index.php\/wp-json\/wp\/v2\/pages\/19\/revisions"}],"predecessor-version":[{"id":20,"href":"https:\/\/ref-apa-montguyon.fr\/index.php\/wp-json\/wp\/v2\/pages\/19\/revisions\/20"}],"wp:attachment":[{"href":"https:\/\/ref-apa-montguyon.fr\/index.php\/wp-json\/wp\/v2\/media?parent=19"}],"curies":[{"name":"wp","href":"https:\/\/api.w.org\/{rel}","templated":true}]}}